 are the prime factors of c/((-1)/(6/n)) + 0?
2, 3, 11
Let u be (2 - 192)/(12/(-30)). Suppose r - 5*o - 95 = 371, 0 = -r + 2*o + u. What are the prime factors of r?
13, 37
Let k = 3867 + -2586. List the prime factors of k.
3, 7, 61
Suppose 5*q = -2*r + 88, 2*r - 112 = -q + 2*q. What are the prime factors of ((-96)/r + 2/(-9))*-14?
2, 7
Let s(y) = -2*y**2 - 35*y - 71. Let p be s(-15). Suppose -4*c + p*l + 183 = -3*c, 4*c = -5*l + 669. List the prime factors of c.
3, 19
Suppose -5*z = -2*z - 5*z + 48668. List the prime factors of z.
2, 23
Suppose -2*s + 8*s = 0. Suppose s = 45*c - 42*c - 531. List the prime factors of c.
3, 59
Let a(l) = -830*l + 283. Let f(y) = 277*y - 95. Let n(k) = 3*a(k) + 8*f(k). List the prime factors of n(-3).
911
Let s be -4*9/(-6) - 8/2. Suppose -8*a + 236 = s*m - 4*a, 507 = 4*m + a. List the prime factors of m.
2
Let t(b) = b**3 + 5*b**2 - 147*b - 4. List the prime factors of t(12).
2, 5, 17
What are the prime factors of ((-80526)/2)/((-12)/(11 - 7))?
13421
Let j = -20 + 21. Let y = -315 + 217. List the prime factors of y/(-5)*(3 - (-1 - j)).
2, 7
Let s(j) = -3*j**2 - 5*j + 12. Let f be s(3). Let v be (-50)/f - 2/(-6). List the prime factors of 24/(-48)*(-636)/v.
3, 53
Let w(m) = -607*m - 7. Let k be w(1). Let r = k - -1016. Let d = r - 222. What are the prime factors of d?
2, 3, 5
Let k(p) = -29*p - 22. Let t be k(-4). Let y = 99 - t. Suppose -3*j - 3*m = -0*j - 573, y*j - 1005 = 5*m. List the prime factors of j.
2, 7
Suppose 3*p = 1249 + 452. Suppose 0 = -4*o - 31 + p. List the prime factors of o.
2, 67
Let a be (270/12)/9*32/(-20). What are the prime factors of (9 - 1211/35)/(a/10)?
2
Let j(h) = h**3 + 9*h**2 - h - 1. Let s be j(-9). List the prime factors of -2*(-2)/s*(-24 - -2890).
1433
Let w = 30323 - 7976. What are the prime factors of w?
3, 13, 191
Let h = -313 - -338. Suppose 10*c - h*c + 6735 = 0. What are the prime factors of c?
449
Let j(u) = u**3 + 3*u**2 - u + 42. Let t be j(0). Suppose -t*y + 44*y = 348. List the prime factors of y.
2, 3, 29
What are the prime factors of 5/(1*7/(-14)) - -10461?
7, 1493
Let a(l) = -9*l - 18. Let w be a(-2). What are the prime factors of (w - 6/(-9))/((-10)/(-12570))?
2, 419
Let l(r) = -6*r - 5. Let d be l(-6). Let g = d + 971. List the prime factors of g.
2, 3, 167
Let x(n) = -102*n - 8*n + 15*n - 27 + 6*n - 93*n. List the prime factors of x(-2).
337
Suppose 26 = 66*o - 65*o. Let q = o + -33. Let g(y) = -20*y - 34. List the prime factors of g(q).
2, 53
Let v(p) = 660*p + 9. Let j = -158 + 159. What are the prime factors of v(j)?
3, 223
Suppose -3*x + 26 = -2*q, q - 2*x = -4*x - 6. Let g(j) = j**3 + 9*j**2 - 15*j - 9. Let f be g(q). Suppose 4*u - 317 = -f. What are the prime factors of u?
3, 23
Let x be (-5)/(-5) - (0 - -3 - 58). Let b be (-816)/x - (-6)/(-14). List the prime factors of 131*-5*3/b.
131
Suppose 8*m + 14*m + 99925 = 29*m. List the prime factors of m.
5, 571
Let m be (0 - -2)/(17/2278). Let f = m - 215. What are the prime factors of f?
53
Let h = 9248 - -5103. What are the prime factors of h?
113, 127
Suppose -14*v + 16*v = 226. Let u = 113 - v. Suppose u = 25*m - 21*m - 60. List the prime factors of m.
3, 5
Suppose 2*i + 10 = 0, i - 6*i = n - 234. Suppose -253*s - 3306 = -n*s. List the prime factors of s.
19, 29
Suppose 33*v - 118*v = -2210340. What are the prime factors of v?
2, 3, 11, 197
Let g(v) = -v**2 - 7*v + 4. Let d be g(-5). Suppose 0 = 6*x + 2 - d. Suppose 99 = x*s - 1. List the prime factors of s.
2, 5
Suppose -56 = 4*i - 100. Suppose 8*m - 27 = -i. What are the prime factors of ((-1 - 151)*(-45)/20)/m?
3, 19
Suppose 3*q - 67793 = -4*w, 5*w - 147*q + 151*q - 84740 = 0. List the prime factors of w.
2, 13, 163
Suppose -6*n - 217 + 379 = 0. List the prime factors of (-1)/(9/n + 325/(-972)).
2, 3
Suppose d + 60 = 42. Let q be ((-4)/(-10) - d/5)*47. Suppose r = 3*r, -4*v + q = 3*r. What are the prime factors of v?
47
Suppose 2*a - 3*v - 24826 = -2*v, 0 = 2*a - 4*v - 24814. What are the prime factors of a?
5, 13, 191
Suppose -2*l + 10 = -150. Let j = 141 - l. What are the prime factors of j?
61
Suppose 3*z = -3*y + 189558, 0 = -3*y + 10*z - 5*z + 189550. List the prime factors of 18/99 - y/(-55).
3, 383
Let s(x) = -5*x - 10. Let r be s(-3). Let m be 8/r + (-2)/(-5). Suppose 168 = m*p + p. What are the prime factors of p?
2, 7
Suppose v - 12 = -6. Suppose -v - 9 = -3*d. Suppose b - 54 = d*k, 3*b + k - 152 = 6*k. List the prime factors of b.
7
Suppose -6*q = -10*q + 8. Suppose 5*k + 0*l = 4*l + 1157, k - 223 = -q*l. Suppose c - 5*a - 97 = -36, 4*c - 5*a = k. List the prime factors of c.
2, 7
Let i = -8707 - -33640. What are the prime factors of i?
3, 8311
Let g = 7907 - -903. List the prime factors of g.
2, 5, 881
Suppose -3*h = -54 - 318. Suppose -3*t = -16 + h. What are the prime factors of 2/6 + (-1284)/t?
2, 3
Suppose -d + 2*d = s + 14, 4*s + 2 = d. Suppose 4*p - 5*j = 2901, 0 = 4*p - 21*j + d*j - 2899. What are the prime factors of p?
2, 181
Let b(t) = 2999*t**2 - 57*t - 217. What are the prime factors of b(-4)?
5, 29, 331
Let u(l) = -321*l + 28. Let d(v) = -240*v + 21. Let m(n) = 11*d(n) - 8*u(n). Let q(k) = k**2 - 4*k + 1. Let j be q(3). What are the prime factors of m(j)?
151
Let s(o) = o**3 + o**2 - o - 8. Suppose 0 = -2*v - v + 18. Let f be s(v). Suppose -2*u = 3*b - f + 94, 3*b = -3*u + 147. List the prime factors of b.
2, 23
Let q = -23001 + 50961. What are the prime factors of q?
2, 3, 5, 233
Let n be 1/(3/(-2))*(-888)/(-16). Let t = n + 51. Suppose 4*o - t = -3*o. List the prime factors of o.
2
Let q(p) = -p**3 - 3*p**2 + 3*p + 4. Let g be q(-4). Suppose 272 = 4*a - 4*m, a - 3*m + 180 = 4*a. Let v = a - g. What are the prime factors of v?
2, 7
Let f(y) = -2*y**2 - 13*y - 5. Let m be f(-5). Suppose 2*p = -m*p + 1188. Let g = p + 28. List the prime factors of g.
127
Let f be 1665/407 + (-1)/11. Suppose -2*g + t + 726 = f*t, g - 5*t - 376 = 0. What are the prime factors of g?
2, 3, 61
Let y = 17520 - 4061. What are the prime factors of y?
43, 313
Let a be 5/((2/4)/((-135)/18)). Let m = -74 - a. Let k(c) = 137*c**2 + c - 1. What are the prime factors of k(m)?
137
Let w(d) = -d**3 - 11*d**2 - 9*d + 18. Let b be w(-10). Let s be -6*1/(-2) + -11 + b. Suppose h - 28 = -s*h. What are the prime factors of h?
2, 7
Let n = -172 + -49. Let l = n - -502. List the prime factors of l.
281
Suppose -2*j - 21*j - 15*j + 1817882 = 0. List the prime factors of j.
11, 4349
Let o = -49319 - -84109. What are the prime factors of o?
2, 5, 7, 71
Let w(p) = -3*p**2 + 41*p + 44. Let z(q) = -q**2 + 14*q + 15. Let r(v) = -6*w(v) + 17*z(v). Let x be r(18). Let l = x + -73. List the prime factors of l.
2, 7
Let a(q) = -66*q - 149. Let s be a(-3). Let k be 1 + (-3)/((-6)/4). Suppose s = k*z - 137. What are the prime factors of z?
2, 31
What are the prime factors of 12188 + (-8)/(-48) + 61/(-6)?
2, 6089
Suppose -34*p + 363719 + 361195 = 0. List the prime factors of p.
3, 23, 103
Suppose -3*q + 7*q = 16. Suppose -4*d - 4*a = 3 - 19, 4*a = 4*d - 8. Suppose 3*m - 600 = -q*s + 515, d*s = -m + 830. What are the prime factors of s?
5, 11
Let l(t) = 14*t + 2170. What are the prime factors of l(7)?
2, 3, 7
Suppose -f + 3981 = 4*n - 1447, -f - 5*n + 5427 = 0. List the prime factors of f.
2, 7, 97
Let p(t) = 17*t + 63. Let d be -5*6*(-28)/(-60). Let q be p(d). List the prime factors of 0 + (0 + 0 - (-1 + q)).
2, 11
Suppose -2*d + 1912 + 164 = 4*s, 0 = -4*d. Suppose 0*y + 4*u = -y + s, 5*y - 2505 = -2*u. Suppose -y - 393 = -4*g. What are the prime factors of g?
223
Let i(v) = v**2 - 12*v + 8. Suppose 0 = 3*d + 4*d. Suppose 0*a - 4*a + 56 = d. What are the prime factors of i(a)?
2, 3
List the prime factors of (1 - (-602)/(-42))*(-2 - (-2175)/(-6)).
2, 3, 5
Suppose 10*w + 563 - 2613 = 0. Suppose -4*t = -4281 + w. What are the prime factors of t?
1019
Suppose 7*m - 2*m - 2 = -u, -m = u - 2. Suppose -14*c + 1306 + 1760 = m. What are the prime factors of c?
3, 73
Suppose 17210 - 887 = 3*x. List the prime factors of x.
5441
Let t be (1 - -2) + 515/5. Let b = t - 102. Suppose 2*q - b*g = q + 212, 216 = q - 3*g. List the prime factors of q.
2, 3, 19
Suppose -78*h + 11883 = -74*h - 3*d, -2*h - 2*d + 5924 = 0. Suppose -9*l + h = 321. What are the prime factors of l?
2, 3, 7
Let t = 297 - 28